 112?
14
Suppose d - 24 - 148 = 0. Suppose -22*u + d = -18*u. Suppose 0 = -4*a + 8*a - 332. What is the remainder when a is divided by u?
40
Suppose -4*n + 1313 = 3*i - 658, 5*n = 15*i - 9705. What is the remainder when i is divided by 30?
19
Let l = 4529 + -4142. What is the remainder when l is divided by 30?
27
What is the remainder when 64*7 - ((-90)/18 + -2) is divided by 28?
7
Let i = -4473 + 4579. What is the remainder when 647 is divided by i?
11
Suppose 676 + 2129 = 17*c. Let z = 931 - 881. Calculate the remainder when c is divided by z.
15
Suppose -11*l + 161 = 136 - 195. What is the remainder when 175 is divided by l?
15
Suppose -2*l - 5*l = 196. Let r = l - -42. Suppose -7*d + r*d = 357. Calculate the remainder when d is divided by 6.
3
Let o(a) be the first derivative of a**4/4 + 13*a**3/3 - 5*a**2/2 - 4*a + 4. Calculate the remainder when o(-11) is divided by 49.
48
What is the remainder when 2619 is divided by ((-22)/6)/(-11) - (-22)/6?
3
Suppose 25*x = -x + 15288. Let g = x - 573. Calculate the remainder when g is divided by 8.
7
Let h = -5091 + 5170. What is the remainder when 2999 is divided by h?
76
Let b = -1736 - -1742. What is the remainder when 108 is divided by b?
0
Suppose -4*m + 23 = -3*m - 5*h, h = 4*m - 187. What is the remainder when 85/(-51)*4302/(-15) is divided by m?
46
Suppose 5 = j, -3*x - 2*j = 3*j - 85. Let q = 3 + -33. Let i = 37 + q. What is the remainder when x is divided by i?
6
Let k = 38 + 35. What is the remainder when (-40)/6*(-25506)/390 is divided by k?
71
Suppose -25*d + 20*d + 20836 = -3*j, 2*d = j + 8335. What is the remainder when d is divided by 14?
11
Suppose d - 9 = -5*x - 2, 0 = 3*x + 3*d + 3. Suppose 3*i - 849 = -798. What is the remainder when (-8 - -14)*i/x is divided by 18?
15
Calculate the remainder when 14/(-91) + 16930*2/52 is divided by 12.
3
Calculate the remainder when 1048 is divided by (6/9)/(7323/(-666) - -11).
12
Let w(l) = -2*l**2 - 36*l - 142. Let g be w(-6). Suppose -2*a + 4*u + 34 = 0, g*a - 7*u = -2*u + 38. Calculate the remainder when 35 is divided by a.
8
Suppose 3*c = -m + 7, c - 11 + 2 = 3*m. Let p = -116 + 117. What is the remainder when p/((-16)/(-3) + -5) is divided by c?
0
Let r(q) = -13*q**2 - 35*q - 84. Let v(o) = -3*o**2 - 9*o - 21. Let b(k) = -2*r(k) + 9*v(k). What is the remainder when 34 is divided by b(-4)?
6
Suppose 5*w + 2*k - 91 = 0, 0 = 5*w - 4*k + 52 - 185. Calculate the remainder when 2832 is divided by w.
18
Let u(z) be the second derivative of -11*z**3 - 313*z**2/2 + 3*z - 80. Calculate the remainder when u(-6) is divided by 1 + 0 - 0 - -16.
15
Calculate the remainder when 622 is divided by 2*27/(-126) + (-339)/(-7).
46
Suppose -145 = 8*r - 345. Suppose -r*v + 648 = -7*v. What is the remainder when v is divided by 20?
16
Suppose n + 5*b = 33, 2*n - 10 = -2*b + 32. Suppose 5*a + n = h + 1269, 494 = 2*a - 2*h. Calculate the remainder when a is divided by 32.
27
Suppose t + 184 = -u, 5*t + 0*t + 917 = -4*u. Let i = t - -232. Suppose -3*v + 472 = -4*o, 24 + 108 = v + 5*o. Calculate the remainder when v is divided by i.
50
Let w = -18 - -12. What is the remainder when 214 is divided by -1 + (5 - 48/w)?
10
Let f(m) = -57*m**3 - 2*m**2 + 20*m + 48. Calculate the remainder when f(-3) is divided by 18.
15
Let p be -5*((-4)/5)/2. Let c = 592 + -574. What is the remainder when (50/15)/(p/21) is divided by c?
17
Suppose z + 58 = -20. Let o = -21 + 186. Let s = o + z. What is the remainder when s is divided by 22?
21
Let n(o) be the second derivative of o**4/3 - 5*o**3/6 - 7*o**2/2 + 50*o. Calculate the remainder when n(-2) is divided by 11.
8
Let v(c) = c**3 + 4*c**2 - 88*c + 149. Let a(s) = s**2 + 11*s + 6. Let z be a(-5). What is the remainder when v(7) is divided by 1 + (-2 + z)*-1?
18
Suppose 9 = -r + 2*r. What is the remainder when 37 + ((-9 - -2) + (-9 - -7) - (-12 - -13)) is divided by r?
0
Let o be (-8)/24 + 97/3. Suppose 6*d = 3*f + 3*d - 51, -f + o = -4*d. Suppose 0 = -3*h + 99 - 33. What is the remainder when h is divided by f?
10
Suppose 17*n = -32*n + 61495. What is the remainder when n is divided by 52?
7
Let a = -313 + 473. What is the remainder when a is divided by (-17 + 19 - (-1 - 1)) + 29?
28
Let q(i) = 15*i**2 - 59*i - 516. What is the remainder when q(-9) is divided by 180?
150
Let n be (-6)/((-6)/(-1))*0. Suppose -2*q - 4 = -n*q, -4*h - 5*q + 74 = 0. What is the remainder when h is divided by 8?
5
Suppose -h = -3*s + 531, 2*s + 85 = 3*h + 446. What is the remainder when s is divided by 5?
1
Let b(j) = -j**3 + 7*j**2 + 14*j - 25. Let o be b(8). Suppose 5*h - 2*q = 305, -25*q = -o*q. Calculate the remainder when h is divided by 12.
1
Suppose 15*k - 19*k = 5*l + 240, 0 = 3*l - 12. Let y = -14 + 24. Calculate the remainder when 3/((-45)/(-663)) + (-52)/k is divided by y.
5
Let d = 844 - 534. Let l = -2398 - -2437. Calculate the remainder when d is divided by l.
37
Let v(g) = -18*g - 1. Suppose 4*q = -19 - 17. Let w(u) = u**2 + 3*u - 36. What is the remainder when v(-2) is divided by w(q)?
17
Suppose -c - 22*h = -19*h - 306, 4*c - h - 1263 = 0. Calculate the remainder when c is divided by 93.
36
Let z(v) = v**2 + 54*v - 655. What is the remainder when z(14) is divided by 107?
83
Let o be 1/6*(15 - 7)*6. Calculate the remainder when 317 is divided by (-2664)/(-162) - o/18.
13
Let r(k) = -5*k**2 + 152*k - 631. Calculate the remainder when 911 is divided by r(19).
7
Let n be (5 + -7)*2/4. Calculate the remainder when 62 is divided by 25 - (n - (-1 + -4 + 4)).
12
What is the remainder when 298 is divided by 4 + 896/(-48)*(-2 - (-2)/4)?
10
Let y(t) = -t**2 - 16*t + 399. Suppose -3*z + 2*p - 63 = -6*z, p = 3*z - 63. What is the remainder when y(-27) is divided by z?
18
Suppose -299*l - 163023 + 661755 = 0. What is the remainder when l is divided by 93?
87
Let p(x) = -20*x + 41*x + 14 + 1 - 13*x. What is the remainder when 75 is divided by p(2)?
13
Suppose -4 = -5*q - 3*d, 4*d + 5 + 13 = 5*q. Suppose 7*c - 25 = q*c. Suppose -7*h + c*h = -64. Calculate the remainder when h is divided by 11.
10
Let r = -328 - -433. Suppose -21*k = -r - 546. What is the remainder when k is divided by 19?
12
Let a = 252 - 250. What is the remainder when 44 is divided by 2/a - (20 - 27)?
4
Suppose 31*m = 1326 + 863 - 515. Calculate the remainder when 691 is divided by m.
43
Suppose -55 = -7*r - 27. Suppose 6 - 10 = -r*v, -2*v + 128 = 3*x. Calculate the remainder when 50 is divided by x.
8
Let z = -389 + 371. What is the remainder when (-1 - (-811)/3)*z/(-24) is divided by 34?
32
Suppose 0 = 8*g - 9*g - 2*p + 277, 2*g - 4*p - 586 = 0. Suppose 61 = 4*d - 5*q + 23, 2*d - 8 = -3*q. What is the remainder when g is divided by d?
5
Let r = 6 + -164. Let i = r + 468. What is the remainder when i is divided by 52?
50
Let b be 2/(-18) - (-4 - (-2573)/9). Let n = b + 303. What is the remainder when 36 is divided by n?
15
Let w(c) = -c**3 + 7*c**2 + 6*c - 19. Let f be w(8). Let v = 59 + f. Calculate the remainder when 167 is divided by v.
23
Suppose 0*q + 3*y = q - 6, -2*y = 0. Suppose 4 = -d + q. Suppose 2*r - 4*r = 4*u - 14, 0 = 2*u + 2*r - d. What is the remainder when 46 is divided by u?
4
Let v(j) = -j**3 + 4*j + 181. Calculate the remainder when 1082 is divided by v(0).
177
Let l(x) = 101*x - 5. Let c(r) = -1. Let j(m) = -4*c(m) + l(m). What is the remainder when j(1) is divided by 920/27 - (-16 - (-7378)/459)?
32
Let p(w) = w**2 - 6*w**3 + 5*w**3 - 3 + 0*w**2 - 3*w**3 + 3*w + 5*w**3. Let b be ((-2)/3)/((-6)/27). What is the remainder when p(b) is divided by 11?
9
Let f = -162 + 164. Calculate the remainder when (-8)/3 + 3 + 195/9 is divided by f.
0
Let z(v) = -v**2 - 17*v - 8. Let a be z(-16). Suppose -a*n = -167 - 161. Let x = n - 31. What is the remainder when 19 is divided by x?
9
Suppose 22*s + 42*s - 256 = 0. Suppose 2*p = -4*i + 140, 2*i - 5*i + 119 = 5*p. What is the remainder when i is divided by s?
1
Let u = -684 - -676. What is the remainder when ((-88)/16)/(u/32) is divided by 12?
10
Suppose 71 + 169 + 20 = 4*t. Calculate the remainder when 79 is divided by t.
14
Let i = -433 - -467. Let j(t) = t**2 - 11*t - 28. What is the remainder when j(16) is divided by i?
18
Suppose 0*f + 2*f - 18 = -3*a, 3*a = 12. Suppose 0 = f*h + 2*k + 155, 2*h - 32 = -2*k - 134. Let z =